7
Let s(a) = a**3 - 127*a**2 - 662*a - 1454. Calculate s(132).
-1718
Let q(y) = 577*y - 35234. Give q(61).
-37
Let q(k) = k**3 + 9*k**2 + 1080*k - 3. Calculate q(0).
-3
Let c(m) = -9*m**3 - 13*m**2 - 77*m - 417. What is c(-6)?
1521
Let h(a) = -a**3 - 784*a**2 - 246*a - 809313. Give h(-785).
22
Let s(g) = 103*g**2 + 533*g + 77. Determine s(-5).
-13
Let x(t) = 3640*t + 4056. Give x(-1).
416
Let d(l) = 14974*l - 44526. Give d(3).
396
Let u(s) = s**3 - 4*s**2 + 3*s - 54. Determine u(5).
-14
Let y(c) = 7*c**3 + 33*c**2 + 343*c - 2128. Calculate y(5).
1287
Let j(k) = 343*k**3 - 1001*k**2 - 1477*k - 18. Calculate j(4).
10
Let n(k) = 59919*k - 299386. Give n(5).
209
Let b(q) = q**2 + 121*q - 28209. Calculate b(116).
-717
Let t(k) = -9*k**2 - 152*k + 102. Give t(-13).
557
Let b(s) = 19*s + 82. Determine b(23).
519
Let t(u) = 363*u**2 + 3518*u + 33. Give t(-10).
1153
Let u(j) = 286224*j + 4293349. What is u(-15)?
-11
Let a(k) = -70744*k - 1202660. Calculate a(-17).
-12
Let g(f) = -26829*f + 456090. Determine g(17).
-3
Let n(x) = 29*x**2 + 178*x + 35. Calculate n(-9).
782
Let r(p) = 3*p**2 - 92*p - 34751. What is r(124)?
-31
Let h(r) = -273*r - 62617. Determine h(-225).
-1192
Let z(l) = 555891*l - 2223558. Calculate z(4).
6
Let l(d) = 117*d**2 + 1135*d - 38. Calculate l(-10).
312
Let i(a) = a**3 - 4214*a**2 + 269677*a + 516. Calculate i(65).
-4
Let s(l) = -8*l**2 + 232*l - 211. Determine s(23).
893
Let q(x) = -x**3 - 92*x**2 - 682*x + 5431. Determine q(-83).
36
Let q(y) = 4*y**2 + 384*y + 4543. Determine q(-82).
-49
Let w(f) = -f**3 - 23*f**2 + 517*f - 58. Calculate w(-37).
-21
Let o(f) = 11*f**2 + 903*f + 14620. Determine o(-22).
78
Let b(l) = -7*l + 1620. What is b(6)?
1578
Let u(g) = 8*g**3 - g**2 - 22*g - 23. Calculate u(-2).
-47
Let o(m) = -2*m**2 - 133*m + 797. Give o(-63).
1238
Let s(h) = h**3 - 17*h**2 - 117*h - 966. Calculate s(24).
258
Let w(k) = 561*k - 325932. Determine w(581).
9
Let w(g) = g**2 - 221*g - 5688. Determine w(-21).
-606
Let q(f) = -11*f**2 - 81*f - 26. What is q(-14)?
-1048
Let z(q) = -185*q**3 + 2*q**2 + 674*q + 671. What is z(-1)?
184
Let y(a) = -a**2 + 106*a - 840. Give y(88).
744
Let z(h) = 2687*h**3 - 18808*h**2 - 21*h + 78. Calculate z(7).
-20
Let a(n) = n**3 - 36*n**2 + 183*n + 55. Calculate a(29).
-525
Let f(l) = 1033*l**2 + 14395*l + 37. What is f(-14)?
975
Let l(k) = -4*k**2 + 230*k + 1133. Give l(62).
17
Let m(x) = -5995*x - 83925. Give m(-14).
5
Let x(a) = -5*a**2 - 1574*a - 14156. Calculate x(-9).
-395
Let l(n) = 65*n**2 + 7358*n + 1472. Calculate l(-113).
3
Let r(l) = -3221*l + 44943. Calculate r(14).
-151
Let a(g) = 6101*g**3 - 30*g**2 - 47*g - 17. Determine a(-1).
-6101
Let g(v) = 2*v**3 + 57*v**2 - 158*v + 333. Determine g(-31).
426
Let u(q) = -56159*q + 505594. Calculate u(9).
163
Let w(f) = f**3 - 153*f**2 + 253*f - 15366. Give w(152).
-14
Let u(s) = -35*s**2 + 2188*s - 28854. Give u(13).
-6325
Let z(c) = -3*c**3 + 238*c**2 + 1181*c - 427. Calculate z(84).
-7
Let r(s) = -s**2 - 391*s + 25982. Give r(57).
446
Let g(c) = c**2 - 194*c + 291. Calculate g(193).
98
Let u(h) = -10*h**2 + 30825*h + 61659. What is u(-2)?
-31
Let o(u) = 163*u**2 - 1430*u - 300. Calculate o(9).
33
Let r(a) = -23581*a - 2523157. What is r(-107)?
10
Let v(o) = 32*o**3 - 10*o**2 - 70*o + 304. Calculate v(4).
1912
Let v(o) = -9*o**2 - 266*o - 1187. Determine v(-24).
13
Let h(s) = -1338*s + 13386. What is h(10)?
6
Let x(c) = c**3 + 25*c**2 + 6329*c + 144506. Determine x(-23).
-3
Let r(g) = 3126*g - 6335. Determine r(2).
-83
Let d(l) = -3364*l + 48575. What is d(15)?
-1885
Let j(x) = -x**2 + 313*x - 3286. Calculate j(302).
36
Let r(s) = -4*s**3 - 696*s + 3301. Give r(5).
-679
Let o(c) = 24*c**2 + 17963*c - 649100. Calculate o(-783).
7
Let y(n) = -2*n**2 + 397*n - 18152. Calculate y(132).
-596
Let q(v) = 4*v**3 - 95*v**2 + 463*v + 576. Give q(16).
48
Let f(p) = -p**3 + 545*p**2 + 4498*p - 40924. Give f(553).
-2
Let v(o) = o**3 + 21*o**2 + 9*o + 14. What is v(-21)?
-175
Let y(z) = -1317*z + 83042. Determine y(63).
71
Let o(d) = 101725*d - 305191. Give o(3).
-16
Let h(i) = -443*i - 19292. Determine h(-44).
200
Let q(u) = -3292*u**2 - 4970*u - 4970. Determine q(-1).
-3292
Let s(z) = 4*z**3 + 503*z**2 - 197*z - 8951. What is s(-126)?
-5
Let a(i) = i**3 + 8*i**2 + 139*i + 1851. Determine a(-13).
-801
Let y(h) = 14*h**3 + 768*h**2 - 98*h - 30. Calculate y(-55).
-690
Let l(i) = i**2 + 254*i - 57777. Calculate l(145).
78
Let g(u) = -3*u**3 + 1183*u**2 + 793*u - 897. Determine g(395).
288
Let d(i) = i**3 - 6*i**2 + 580*i - 2876. What is d(5)?
-1
Let w(c) = c**2 - 1972*c - 149279. Give w(-73).
6
Let g(l) = 12*l**2 - 3415*l - 22388. Calculate g(291).
19
Let t(q) = 37960*q + 1062870. Determine t(-28).
-10
Let n(p) = 20650*p - 61970. Calculate n(3).
-20
Let f(m) = -10879*m - 6385967. Calculate f(-587).
6
Let r(z) = 16*z**2 + 2032*z - 387. Give r(-127).
-387
Let a(v) = 7*v**2 - 13*v - 640. What is a(-10)?
190
Let i(f) = 93599*f + 468031. Calculate i(-5).
36
Let z(l) = -2*l**3 + 436*l**2 + 5122*l - 19247. Calculate z(229).
-11
Let d(w) = -w**3 + 15*w**2 - 80*w + 792. Determine d(13).
90
Let u(a) = 23*a + 875. What is u(-37)?
24
Let h(y) = -8066*y - 72647. Determine h(-9).
-53
Let s(b) = -15*b**2 + 373*b + 71. Give s(25).
21
Let p(k) = -k**3 - k**2 + 22*k - 28. Calculate p(0).
-28
Let z(u) = -u**2 - 85*u + 22002. Determine z(111).
246
Let a(f) = 338193*f + 1014682. What is a(-3)?
103
Let g(s) = 2*s**3 + 202*s**2 + 1102*s - 2608. Calculate g(-95).
1002
Let i(a) = a**3 - 1363*a**2 - 19279*a - 6. What is i(-14)?
8
Let m(d) = 69691*d + 69654. Determine m(-1).
-37
Let p(r) = -669*r**2 + 1360*r + 2. Give p(2).
46
Let o(h) = 3129*h - 93844. Give o(30).
26
Let n(d) = -571*d**3 - 7458*d**2 - 526*d - 929. Give n(-13).
-6
Let g(v) = -2*v**3 + 1817*v**2 + 1825*v + 7. What is g(-1)?
1
Let w(s) = 2*s**2 - 319212*s + 2872851. Calculate w(9).
105
Let m(d) = 5*d**3 + 215*d**2 + 6*d + 56. Calculate m(-43).
-202
Let y(z) = z**2 + 285*z - 12207. Calculate y(-323).
67
Let a(g) = 2*g**3 - 7*g**2 - 874*g + 48. Calculate a(23).
577
Let t(m) = 465*m**2 - 26244*m + 11421. What is t(56)?
-3
Let p(d) = 17*d**3 + 723*d**2 - 1892*d - 100. What is p(-45)?
-10
Let k(t) = -t**3 - 43*t**2 + 349*t - 126. Give k(-50).
-76
Let v(i) = i**3 - 156*i**2 + 172*i - 4339. What is v(155)?
-1704
Let k(a) = -600*a**2 - 83400*a - 198. Give k(-139).
-198
Let u(p) = p**3 + 936*p**2 - 4817*p + 562. Give u(5).
2
Let a(m) = -495*m - 149979. Give a(-303).
6
Let m(t) = -t**3 - 90*t**2 + 133*t + 2026. Give m(-4).
118
Let z(g) = -122*g - 2612. What is z(-14)?
-904
Let b(x) = 2*x**3 - 94*x**2 + 1096*x - 288. Calculate b(26).
-184
Let s(n) = -4*n**3 + 1011*n**2 - 18406*n - 236. What is s(233)?
-3
Let f(h) = 8*h**3 + 104*h**2 + 47*h + 1. Give f(-13).
-610
Let v(p) = 81717*p - 163763. Determine v(2).
-329
Let p(m) = 91844*m - 183629. Calculate p(2).
59
Let h(i) = 39*i**3 + 15*i**2 + 100*i + 718. Give h(-6).
-7766
Let f(l) = -41*l**2 + 203*l + 7187. What is f(-11)?
-7
Let z(h) = -23*h**2 + 20350*h + 4430. What is z(885)?
5
Let f(y) = -71887*y - 431312. Calculate f(-6).
10
Let p(s) = -711*s + 11204. Calculate p(16).
-172
Let a(y) = 22*y**2 - 25*y - 12. Determine a(-3).
261
Let o(x) = -x**3 + 215*x**2 - 3262*x + 802026. Determine o(217).
-6
Let f(c) = -1593*c - 49107. What is f(-31)?
276
Let l(t) = -208*t**2 - 6661*t - 92. What is l(-32)?
68
Let p(d) = 9*d**2 - 920*d - 28634. Calculate p(-25).
-9
Let v(p) = -353*p**2 - 2929*p - 905. Calculate v(-8).
-65
Let j(m) = 17*m**2 + 54*m - 168. Calculate j(-11).
1295
Let q(k) = -k**2 - 1673*k - 480141. Give q(-368).
99
Let y(a) = 14935*a + 761734. Determine y(-51).
49
Let d(l) = -29345*l + 58419. Give d(2).
-271
Let h(p) = -2*p**2 + 2024*p - 149101. What is h(80)?
19
Let z(k) = -k**2 - 30017*k - 90081. Give z(-3).
-39
Let q(u) = 5*u**2 + 6694*u - 47107. Determine q(7).
-4
Let p(c) = c**3 + 36*c**2 + 285*c + 20. Determine p(-24).
92
Let g(x) = 2*x**2 + 798*x + 47635. What is g(-73)?
39
Let g(k) = -3*k**3 + 22*k**2 + 79*k + 40. Determine g(12).
-1028
Let z(s) = -s**2 - 2580*s - 30876. Give z(-12).
-60
Let g(k) = -6*k**2 + 104*k + 510. Calculate g(-17).
-2992
Let u(o) = -7517*o + 67947. What is u(9)?
294
Let b(x) = x**2 + 15691*x + 219469. Give b(-14).
-9
Let h(i) = 158*i - 21365